 = -y**2 + 19*y - 11 + 23 - 9. Let l be (-17 - -4)/(-2 + 1). What is the units digit of x(l)?
1
Let m = -10892 + 21134. What is the tens digit of m?
4
Suppose 5*b - 65 = -295. Let a = b + 58. What is the units digit of a?
2
Suppose -2*w - 9*q = -8*q - 506, -4*w - 4*q + 1008 = 0. Suppose u = 3*g - w, 3*g = -u + 85 + 159. What is the tens digit of g?
8
What is the tens digit of 47754 - (15*18/(-30) + -1)?
6
What is the units digit of 4/(2 + -1) + (-17 - -120)*163?
3
Suppose 6*c = 38*c + 86*c - 4525300. What is the units digit of c?
0
Let f(o) = -9*o - 223. Let n be f(-25). Let k(h) = 46*h**3 - 3*h**2 - h. What is the tens digit of k(n)?
5
Let m be (9/6)/3 - 2/4. Suppose m = -14*v + 11*v + 327. Suppose 7*p - 4*p = 5*h + v, 4*p = -3*h + 97. What is the tens digit of p?
2
Let j(n) = 5*n**2 - 8*n - 11. Let y be j(8). Suppose 60 + y = 5*s. Suppose 2*g - s = 13. What is the units digit of g?
7
Let y = -12283 - -5659. What is the hundreds digit of (-60)/330 + -1 + y/(-11)?
6
Suppose 36*n = 28*n + 72. Suppose -5*j - 752 = -2*c, 1526 = -5*c + n*c + j. What is the tens digit of c?
8
Let l(f) be the first derivative of f**3/3 + 11*f**2/2 - 16*f - 1. Suppose 538 = -87*o + 15*o - 758. What is the units digit of l(o)?
0
Let f be -3 - (-6 + 3) - -2. Suppose -4*w - 3*o + 176 = 0, 0*w = -w - f*o + 39. What is the units digit of w?
7
Let o(c) be the first derivative of c**2 - 8*c - 16. Let a be o(9). Suppose -231 = -13*q + a*q. What is the tens digit of q?
7
Let h = -354 - -174. Let f = h + 423. What is the units digit of f?
3
Let q(y) be the third derivative of -y**5/60 - 47*y**4/24 - 5*y**3/3 - 38*y**2. What is the hundreds digit of q(-35)?
4
Let d(f) = -7. Let i(c) = -22*c - 156. Let y(z) = 4*d(z) - i(z). What is the tens digit of y(19)?
4
Suppose -3395 = 7*j + 8351. Let h = -685 - j. What is the units digit of h?
3
Suppose 0 = -2*p + 9 + 1. Suppose -2*y - 7 = -5*g + 29, -5*g + p*y = -45. What is the units digit of g?
6
Let v = -86 - -74. Let t(w) = w**2 + 10*w - 18. Let n be t(v). Suppose 2*y + n = 0, -4*y = -5*q - 8*y + 793. What is the units digit of q?
1
Suppose -5*m = -271*o + 274*o - 87032, 0 = -2*o - 3*m + 58022. What is the tens digit of o?
1
What is the thousands digit of (-6)/((-810)/4395033) - 8/10?
2
Suppose -4*h + 570 = z, -4*h - 5 = h. Let p = 3 + 3. Suppose p*v = -v + z. What is the tens digit of v?
8
Suppose 3*n - 4*h = 944, -n - 9 = -2*h - 323. Let i = n - -252. What is the tens digit of i?
6
Suppose t - 38 = -202. Suppose -1123 = 4*f + 213. Let a = t - f. What is the hundreds digit of a?
1
Suppose 0 = -19*p - 4454 - 1398. Let w = p + 853. What is the tens digit of w?
4
Suppose 0 = 17*h - 116331 - 62458. What is the hundreds digit of h?
5
Let z(r) = -1110*r - 1594. What is the hundreds digit of z(-11)?
6
Suppose 60*h - 59*h - 1769 = -4*i, i = -4*h + 7136. What is the units digit of h?
5
Suppose 3*y - 5 = -o + 7, -3*o - y + 12 = 0. Suppose -5*r + 3*f = -1470 - 320, o*f + 1432 = 4*r. What is the units digit of r?
8
Suppose 17*l + 72 = 41*l. Suppose -3*k + l*g = -339, 5*k - g = 2*g + 561. What is the units digit of k?
1
Let q be 9 + (-1 - 6) - (0 + 4 + -4). Let x(f) = 32*f**2 - f - 4. Let c be x(3). Suppose -k = 3*w - 211, k - q*k + c = 4*w. What is the tens digit of w?
7
Let t(b) = b**2 - 18*b - 1081. What is the units digit of t(85)?
4
Let c(r) = 18*r - 322. Let f(n) = -9*n + 162. Let q(l) = -2*c(l) - 5*f(l). What is the units digit of q(33)?
1
Let o = 62 + -30. Suppose o + 56 = 4*j. Suppose -11*a = -10*a - j. What is the tens digit of a?
2
Let z be (5 + 785/(-15))*-9. Let v(l) = l + 18. Let w be v(-13). Suppose 5*x + y = z, -w*x = y + y - 422. What is the tens digit of x?
8
Let x(i) = i**3 - 34*i**2 - 26*i + 30. Suppose -4*b + 96 = -44. What is the tens digit of x(b)?
4
Suppose 10*u - 3974 = 1466. Let h = u + 442. What is the tens digit of h?
8
What is the units digit of 11 + (-24 - -23) + 57907?
7
Suppose 3*o - 32 = 4*y, -3*o + 27 = -2*y - y. Suppose -3*f + 141 = -3*b, o*f - 5*f + 45 = b. What is the tens digit of (111/2)/(23/f)?
1
Suppose 4*l = -2*s + 47020, 2*l - 6*s + 8*s = 23508. What is the units digit of l?
6
Suppose -2*g - 84 = v, 3*v - 1 = -4*g - 169. Let u = 42 + g. Suppose -7*n + 3*n + 228 = u. What is the units digit of n?
7
Let t be (-1 - 58/5)*(-210)/(-63). Let q = 610 + t. What is the units digit of q?
8
Suppose -496*r = -516*r + 575560. What is the units digit of r?
8
Suppose 6*r + 31 = -875. Let v = 25 - r. What is the tens digit of v?
7
What is the thousands digit of (-5)/(-20)*(18/(-3) + 1 + 52449)?
3
Let i(b) = -76 - 22*b + 2*b**2 + 30*b - 11*b. What is the tens digit of i(-14)?
5
Let t(o) = -50*o + 5. Let c(p) = -50*p + 4. Suppose 0 = -6*q - 0 - 12. Let w(d) = q*c(d) + 3*t(d). What is the hundreds digit of w(-2)?
1
Let a = 54 + -51. Suppose 2*p + 438 = 3*h - 0*p, -3*h = a*p - 453. Suppose 118 = 7*j - h. What is the units digit of j?
8
Let s = -46 - -46. Suppose 2*m - 15*m - 13 = s. What is the tens digit of 0/2 + m + 94/1?
9
Let t = 315 + -317. What is the thousands digit of (101 - (6 - 2))/(t/(-26))?
1
Let i(l) = 28*l**2 - 8*l + 10. What is the units digit of i(8)?
8
Let l(g) = -23*g - 6. Let n(p) = 8*p + 2. Let z(o) = 4*l(o) + 11*n(o). Let u = 1400 - 1401. What is the units digit of z(u)?
2
Suppose -5*m = 5 - 20, -4*r - 557 = 5*m. Let l = -104 - r. What is the units digit of l?
9
Suppose -12*l = -15*l + 573. Let b = l - -724. What is the tens digit of b?
1
Let c = 4865 - 1392. What is the units digit of c?
3
Let x(i) = i**2 + 17*i + 362. Let o(h) = -h**2 - 17*h - 393. Let m(b) = -11*o(b) - 12*x(b). Suppose 0 = 3*q - 6*q - 36. What is the units digit of m(q)?
9
Let s(a) = 51*a**2 + 22*a - 80. Let o be s(5). Suppose 4*j = -d + 5199, -4*d = -j + d + o. What is the units digit of j?
0
Let i = -408 - -423. Suppose 3*w = 2*z - 1585, i*z + 4*w + 2377 = 18*z. What is the units digit of z?
1
Let p = -1483 - -4277. What is the units digit of p?
4
Let q = 137876 - 72027. What is the thousands digit of q?
5
Let d(t) be the first derivative of -t**2 + 8*t - 1. Let r be -6*((-196)/21 - -10). What is the tens digit of d(r)?
1
Suppose 3*s = -8*s + 6809. Let z = -352 + s. What is the tens digit of z?
6
Let l(v) = v**2 - 28*v + 9. Let f(o) = o**2 + 21*o - 12. Let n be f(-21). What is the units digit of l(n)?
9
Suppose -213*g - 1936893 + 3134861 = -4253554. What is the ten thousands digit of g?
2
Suppose 12 = 4*o, -5*o = 2*g - 24 + 7. Let s = g + -1. What is the tens digit of -3*(55/(-15) - s)?
1
Let p = 440 - 426. Suppose 7119 = -7*m + p*m. What is the tens digit of m?
1
Suppose -4*p - 2*d + 2490 = 0, -2*p + d = -1596 + 353. What is the units digit of p?
2
Let o = -459 - -5660. What is the units digit of o?
1
Let t(h) = 394*h**2 - 4*h + 1. What is the units digit of t(-1)?
9
Let u(f) = 11 - 9462*f - 25*f**2 + 9476*f + 309*f**2. What is the units digit of u(-1)?
1
Let t be 0/1 + 20 + 6. Let b = 39 + t. Suppose -2*l - r + 62 = -l, l - b = -2*r. What is the tens digit of l?
5
Let i(y) = -2*y - 5. Let w be i(6). Let u(f) = f**3 + 16*f**2 - 28*f - 27. What is the tens digit of u(w)?
6
Let a be (152/(-6))/(19/57). Let h = a - -87. What is the units digit of h/22 + (27/(-6))/(-3)?
2
Suppose 0 = 151*g - 1411963 - 451528. What is the hundreds digit of g?
3
Let q(x) = 32*x + 46. Let j(a) be the first derivative of -11*a**2/2 - 15*a - 3. Let c(s) = -17*j(s) - 6*q(s). What is the units digit of c(-6)?
9
Let p(o) = 5*o**2 + 6*o. Let h(l) = l**2 - 9*l + 10. Suppose 4*t - 10 = 18. Let r be h(t). What is the tens digit of p(r)?
5
Let a(s) = 102*s**2 + s. Let t be (18 - 22)*(1 + -1 + -2). Suppose 5*m + 3 = t. What is the tens digit of a(m)?
0
Let p(z) = 11*z - 31. Let k be p(20). Let u = -19 + k. What is the units digit of u?
0
Let p = -4373 + 12197. What is the units digit of p?
4
Let r(x) = 107*x + 10457. What is the units digit of r(66)?
9
Suppose 0 = -11*k + 13 - 2. What is the hundreds digit of ((-19)/(-2)*k)/((-2)/(-92))?
4
Let y = 19463 - 15843. What is the units digit of y?
0
Suppose 2*x + 2241 = m, 4*m - 17*x + 22*x - 9029 = 0. What is the hundreds digit of m?
2
Let b be (6/(-4) + -2)*-38. Let n = b - -287. Suppose -3*u = -n - 30. What is the tens digit of u?
5
Let z = 267 + -367. What is the units digit of (z/(-6) - -2)*180/8?
0
Let r(j) = 